{"id":1994,"date":"2024-07-11T12:06:48","date_gmt":"2024-07-11T12:06:48","guid":{"rendered":"https:\/\/idealcontainersltd.com\/?post_type=product&#038;p=1994"},"modified":"2024-07-22T03:58:06","modified_gmt":"2024-07-22T03:58:06","slug":"40ft-x-8ft-gebrauchter-schiffscontainer-standard","status":"publish","type":"product","link":"https:\/\/idealcontainersllc.com\/?product=40ft-x-8ft-gebrauchter-schiffscontainer-standard","title":{"rendered":"40FT X 8FT GEBRAUCHTER SCHIFFSCONTAINER &#8211; STANDARD"},"content":{"rendered":"<h2>40FT X 8FT GEBRAUCHTER SCHIFFSCONTAINER &#8211; STANDARD PRODUKTANGABEN<\/h2>\n<p>40ft x 8ft gebrauchte Standard-Schiffscontainer zu verkaufen.<\/p>\n<p>Diese Ex-Schiffsliniencontainer werden wind- und wasserdicht zum Verkauf angeboten.<\/p>\n<p>Gebrauchte Container sind eine ideale sichere und kosteng\u00fcnstige Methode zur Lagerung einer Vielzahl von Produkten und Materialien.<\/p>\n<h3>GEBRAUCHTE 40FT SCHIFFSCONTAINER MERKMALE<\/h3>\n<ul>\n<li>Gebraucht &#8211; Ab Versandlinien<br \/>\nVollst\u00e4ndige Konstruktion aus Cortenstahl<br \/>\nDoppelt\u00fcren mit Scharnieren an der Au\u00dfenseite<br \/>\nZwei Verriegelungsstangen an jeder T\u00fcr<br \/>\n28mm Sperrholzboden<br \/>\n4 L\u00fcftungs\u00f6ffnungen<\/li>\n<\/ul>\n","protected":false},"excerpt":{"rendered":"<h2>40FT X 8FT GEBRAUCHTER SCHIFFSCONTAINER &#8211; STANDARD PRODUKTSPEZIFIKATIONEN<\/h2>\n<table class=\"shop_attributes\">\n<tbody>\n<tr class=\"odd\">\n<th>\u00c4u\u00dfere L\u00e4nge (m)<\/th>\n<td>12.19<\/td>\n<\/tr>\n<tr class=\"even\">\n<th>\u00c4u\u00dfere Breite (m)<\/th>\n<td>2.44<\/td>\n<\/tr>\n<tr class=\"odd\">\n<th>Au\u00dfenh\u00f6he (m)<\/th>\n<td>2.59<\/td>\n<\/tr>\n<tr class=\"even\">\n<th>Innere L\u00e4nge (m)<\/th>\n<td>12.00<\/td>\n<\/tr>\n<tr class=\"odd\">\n<th>Innere Breite (m)<\/th>\n<td>2.35<\/td>\n<\/tr>\n<tr class=\"even\">\n<th>Innere H\u00f6he (m)<\/th>\n<td>2.39<\/td>\n<\/tr>\n<tr class=\"odd\">\n<th>Breite der T\u00fcr (m)<\/th>\n<td>2.34<\/td>\n<\/tr>\n<tr class=\"even\">\n<th>H\u00f6he der T\u00fcr (m)<\/th>\n<td>2.28<\/td>\n<\/tr>\n<tr class=\"odd\">\n<th>Gewicht (kg)<\/th>\n<td>3420<\/td>\n<\/tr>\n<tr class=\"even\">\n<th>Boden Typ<\/th>\n<td>28mm Marine Ply<\/td>\n<\/tr>\n<tr class=\"odd\">\n<th>Kubikinhalt (Kubikfu\u00df)<\/th>\n<td>2387<\/td>\n<\/tr>\n<\/tbody>\n<\/table>\n","protected":false},"featured_media":2038,"comment_status":"open","ping_status":"closed","template":"","meta":{"site-sidebar-layout":"default","site-content-layout":"","ast-site-content-layout":"default","site-content-style":"default","site-sidebar-style":"default","ast-global-header-display":"","ast-banner-title-visibility":"","ast-main-header-display":"","ast-hfb-above-header-display":"","ast-hfb-below-header-display":"","ast-hfb-mobile-header-display":"","site-post-title":"","ast-breadcrumbs-content":"","ast-featured-img":"","footer-sml-layout":"","theme-transparent-header-meta":"default","adv-header-id-meta":"","stick-header-meta":"","header-above-stick-meta":"","header-main-stick-meta":"","header-below-stick-meta":"","astra-migrate-meta-layouts":"set","ast-page-background-enabled":"default","ast-page-background-meta":{"desktop":{"background-color":"var(--ast-global-color-4)","background-image":"","background-repeat":"repeat","background-position":"center center","background-size":"auto","background-attachment":"scroll","background-type":"","background-media":"","overlay-type":"","overlay-color":"","overlay-opacity":"","overlay-gradient":""},"tablet":{"background-color":"","background-image":"","background-repeat":"repeat","background-position":"center center","background-size":"auto","background-attachment":"scroll","background-type":"","background-media":"","overlay-type":"","overlay-color":"","overlay-opacity":"","overlay-gradient":""},"mobile":{"background-color":"","background-image":"","background-repeat":"repeat","background-position":"center center","background-size":"auto","background-attachment":"scroll","background-type":"","background-media":"","overlay-type":"","overlay-color":"","overlay-opacity":"","overlay-gradient":""}},"ast-content-background-meta":{"desktop":{"background-color":"var(--ast-global-color-5)","background-image":"","background-repeat":"repeat","background-position":"center center","background-size":"auto","background-attachment":"scroll","background-type":"","background-media":"","overlay-type":"","overlay-color":"","overlay-opacity":"","overlay-gradient":""},"tablet":{"background-color":"var(--ast-global-color-5)","background-image":"","background-repeat":"repeat","background-position":"center center","background-size":"auto","background-attachment":"scroll","background-type":"","background-media":"","overlay-type":"","overlay-color":"","overlay-opacity":"","overlay-gradient":""},"mobile":{"background-color":"var(--ast-global-color-5)","background-image":"","background-repeat":"repeat","background-position":"center center","background-size":"auto","background-attachment":"scroll","background-type":"","background-media":"","overlay-type":"","overlay-color":"","overlay-opacity":"","overlay-gradient":""}}},"product_brand":[],"product_cat":[43],"product_tag":[],"class_list":{"0":"post-1994","1":"product","2":"type-product","3":"status-publish","4":"has-post-thumbnail","6":"product_cat-40ft-containers-for-sale","7":"desktop-align-left","8":"tablet-align-left","9":"mobile-align-left","11":"first","12":"instock","13":"sale","14":"shipping-taxable","15":"purchasable","16":"product-type-simple"},"jetpack_sharing_enabled":true,"_links":{"self":[{"href":"https:\/\/idealcontainersllc.com\/index.php?rest_route=\/wp\/v2\/product\/1994"}],"collection":[{"href":"https:\/\/idealcontainersllc.com\/index.php?rest_route=\/wp\/v2\/product"}],"about":[{"href":"https:\/\/idealcontainersllc.com\/index.php?rest_route=\/wp\/v2\/types\/product"}],"replies":[{"embeddable":true,"href":"https:\/\/idealcontainersllc.com\/index.php?rest_route=%2Fwp%2Fv2%2Fcomments&post=1994"}],"wp:featuredmedia":[{"embeddable":true,"href":"https:\/\/idealcontainersllc.com\/index.php?rest_route=\/wp\/v2\/media\/2038"}],"wp:attachment":[{"href":"https:\/\/idealcontainersllc.com\/index.php?rest_route=%2Fwp%2Fv2%2Fmedia&parent=1994"}],"wp:term":[{"taxonomy":"product_brand","embeddable":true,"href":"https:\/\/idealcontainersllc.com\/index.php?rest_route=%2Fwp%2Fv2%2Fproduct_brand&post=1994"},{"taxonomy":"product_cat","embeddable":true,"href":"https:\/\/idealcontainersllc.com\/index.php?rest_route=%2Fwp%2Fv2%2Fproduct_cat&post=1994"},{"taxonomy":"product_tag","embeddable":true,"href":"https:\/\/idealcontainersllc.com\/index.php?rest_route=%2Fwp%2Fv2%2Fproduct_tag&post=1994"}],"curies":[{"name":"wp","href":"https:\/\/api.w.org\/{rel}","templated":true}]}}