{"id":2042,"date":"2024-07-11T12:07:33","date_gmt":"2024-07-11T12:07:33","guid":{"rendered":"https:\/\/idealcontainersltd.com\/?post_type=product&#038;p=2042"},"modified":"2024-07-22T03:19:51","modified_gmt":"2024-07-22T03:19:51","slug":"versandbehalter-cafe","status":"publish","type":"product","link":"https:\/\/idealcontainersllc.com\/?product=versandbehalter-cafe","title":{"rendered":"VERSANDBEH\u00c4LTER-CAF\u00c9"},"content":{"rendered":"<p>VERSANDBEH\u00c4LTER-CAF\u00c9 INFORMATION<br \/>\nThis 20 foot container cafe is one of our most popular shipping container conversions. It is based on a standard 20ft x 8ft shipping container and has been converted by our specialist team for use as a food or drink dispensing station.<\/p>\n<p>This container cafe is available for sale and delivery across the UK. The standard delivery time is 6 &#8211; 8 weeks from order.<br \/>\nNEW 20FT SHIPPING CONTAINER CAFE FEATURES<br \/>\n2 x front serving hatches 2350mm wide x 900mm high<br \/>\n1 x end serving hatch 1800mm wide x 900mm high<br \/>\nSteel 10-point locking staff door in the rear<br \/>\nDouble-opening door on the front for advertising purposes<br \/>\nFully insulated with 50mm thick Dritherm Earthwool on the walls<br \/>\nFully insulated with 100mm thick earth wool on the ceiling<br \/>\nCladding panels made from 3.6mm thick polyester faced plywood on the ceiling<br \/>\n8mm thick melamine faced chipboard on the walls<br \/>\n2mm thick non-slip vinyl flooring<br \/>\nThis container cafe is painted in RAL7016 (Grey) with hatches in RAL2004 (Orange). However, we can repaint it in any standard RAL color (see options). An electrical package is also available.<\/p>\n<p>Kitchen equipment such as sinks, countertops, coffee makers, ovens, etc. are available to your specifications. Please contact us for further information and prices.<\/p>\n<p>If you are interested in customizing this container cafe, please contact our container conversion team who will be happy to discuss your specific requirements.<\/p>\n","protected":false},"excerpt":{"rendered":"<h2>VERSANDBEH\u00c4LTER-CAF\u00c9<\/h2>\n<h2>SHIPPING CONTAINER CAFE PRODUCT SPECIFICATIONS<br \/>\nOuter length (m) 6.06<br \/>\nExternal width (m) 2.44<br \/>\nExternal height (m) 2.59<br \/>\nInner length (m) 5.84<br \/>\nInner width (m) 2.35<br \/>\nInternal height (m) 2.39<br \/>\nDoor width (m) 2.34<br \/>\nDoor height (m) 2.28<br \/>\nWeight (kg) 3100<br \/>\nFloor Type 28mm Marine Ply<br \/>\nInternal flooring 2mm vinyl<br \/>\nInternal wall cladding 8mm melamine faced chipboard<\/h2>\n","protected":false},"featured_media":2067,"comment_status":"open","ping_status":"closed","template":"","meta":{"site-sidebar-layout":"default","site-content-layout":"","ast-site-content-layout":"default","site-content-style":"default","site-sidebar-style":"default","ast-global-header-display":"","ast-banner-title-visibility":"","ast-main-header-display":"","ast-hfb-above-header-display":"","ast-hfb-below-header-display":"","ast-hfb-mobile-header-display":"","site-post-title":"","ast-breadcrumbs-content":"","ast-featured-img":"","footer-sml-layout":"","theme-transparent-header-meta":"default","adv-header-id-meta":"","stick-header-meta":"","header-above-stick-meta":"","header-main-stick-meta":"","header-below-stick-meta":"","astra-migrate-meta-layouts":"set","ast-page-background-enabled":"default","ast-page-background-meta":{"desktop":{"background-color":"var(--ast-global-color-4)","background-image":"","background-repeat":"repeat","background-position":"center center","background-size":"auto","background-attachment":"scroll","background-type":"","background-media":"","overlay-type":"","overlay-color":"","overlay-opacity":"","overlay-gradient":""},"tablet":{"background-color":"","background-image":"","background-repeat":"repeat","background-position":"center center","background-size":"auto","background-attachment":"scroll","background-type":"","background-media":"","overlay-type":"","overlay-color":"","overlay-opacity":"","overlay-gradient":""},"mobile":{"background-color":"","background-image":"","background-repeat":"repeat","background-position":"center center","background-size":"auto","background-attachment":"scroll","background-type":"","background-media":"","overlay-type":"","overlay-color":"","overlay-opacity":"","overlay-gradient":""}},"ast-content-background-meta":{"desktop":{"background-color":"var(--ast-global-color-5)","background-image":"","background-repeat":"repeat","background-position":"center center","background-size":"auto","background-attachment":"scroll","background-type":"","background-media":"","overlay-type":"","overlay-color":"","overlay-opacity":"","overlay-gradient":""},"tablet":{"background-color":"var(--ast-global-color-5)","background-image":"","background-repeat":"repeat","background-position":"center center","background-size":"auto","background-attachment":"scroll","background-type":"","background-media":"","overlay-type":"","overlay-color":"","overlay-opacity":"","overlay-gradient":""},"mobile":{"background-color":"var(--ast-global-color-5)","background-image":"","background-repeat":"repeat","background-position":"center center","background-size":"auto","background-attachment":"scroll","background-type":"","background-media":"","overlay-type":"","overlay-color":"","overlay-opacity":"","overlay-gradient":""}}},"product_brand":[],"product_cat":[45],"product_tag":[],"class_list":{"0":"post-2042","1":"product","2":"type-product","3":"status-publish","4":"has-post-thumbnail","6":"product_cat-container-conversion","7":"desktop-align-left","8":"tablet-align-left","9":"mobile-align-left","11":"first","12":"instock","13":"sale","14":"shipping-taxable","15":"purchasable","16":"product-type-simple"},"jetpack_sharing_enabled":true,"_links":{"self":[{"href":"https:\/\/idealcontainersllc.com\/index.php?rest_route=\/wp\/v2\/product\/2042"}],"collection":[{"href":"https:\/\/idealcontainersllc.com\/index.php?rest_route=\/wp\/v2\/product"}],"about":[{"href":"https:\/\/idealcontainersllc.com\/index.php?rest_route=\/wp\/v2\/types\/product"}],"replies":[{"embeddable":true,"href":"https:\/\/idealcontainersllc.com\/index.php?rest_route=%2Fwp%2Fv2%2Fcomments&post=2042"}],"wp:featuredmedia":[{"embeddable":true,"href":"https:\/\/idealcontainersllc.com\/index.php?rest_route=\/wp\/v2\/media\/2067"}],"wp:attachment":[{"href":"https:\/\/idealcontainersllc.com\/index.php?rest_route=%2Fwp%2Fv2%2Fmedia&parent=2042"}],"wp:term":[{"taxonomy":"product_brand","embeddable":true,"href":"https:\/\/idealcontainersllc.com\/index.php?rest_route=%2Fwp%2Fv2%2Fproduct_brand&post=2042"},{"taxonomy":"product_cat","embeddable":true,"href":"https:\/\/idealcontainersllc.com\/index.php?rest_route=%2Fwp%2Fv2%2Fproduct_cat&post=2042"},{"taxonomy":"product_tag","embeddable":true,"href":"https:\/\/idealcontainersllc.com\/index.php?rest_route=%2Fwp%2Fv2%2Fproduct_tag&post=2042"}],"curies":[{"name":"wp","href":"https:\/\/api.w.org\/{rel}","templated":true}]}}